{"id":784,"date":"2026-02-18T17:51:39","date_gmt":"2026-02-18T17:51:39","guid":{"rendered":"https:\/\/musicfestaberystwyth.org\/llety\/"},"modified":"2026-02-18T17:51:41","modified_gmt":"2026-02-18T17:51:41","slug":"llety","status":"publish","type":"page","link":"https:\/\/musicfestaberystwyth.org\/cy\/llety\/","title":{"rendered":"Llety"},"content":{"rendered":"<p>[et_pb_section fb_built=&#8221;1&#8243; _builder_version=&#8221;4.27.4&#8243; _module_preset=&#8221;default&#8221; background_color=&#8221;gcid-ad629ad7-29bc-4d34-a428-476c380868ee&#8221; custom_padding=&#8221;||50px|||&#8221; global_colors_info=&#8221;{%22gcid-ad629ad7-29bc-4d34-a428-476c380868ee%22:%91%22background_color%22%93}&#8221;][et_pb_row _builder_version=&#8221;4.27.4&#8243; _module_preset=&#8221;default&#8221; width=&#8221;100%&#8221; global_colors_info=&#8221;{}&#8221; max_width_tablet=&#8221;90%&#8221; max_width_phone=&#8221;85%&#8221; max_width_last_edited=&#8221;on|phone&#8221;][et_pb_column type=&#8221;4_4&#8243; _builder_version=&#8221;4.27.4&#8243; _module_preset=&#8221;default&#8221; global_colors_info=&#8221;{}&#8221;][et_pb_heading title=&#8221;Llety&#8221; _builder_version=&#8221;4.27.4&#8243; _module_preset=&#8221;default&#8221; title_font=&#8221;||||||||&#8221; title_text_color=&#8221;gcid-c22116c1-81a4-4cbf-84dc-c3f928405165&#8243; title_font_size=&#8221;60px&#8221; global_colors_info=&#8221;{%22gcid-c22116c1-81a4-4cbf-84dc-c3f928405165%22:%91%22title_text_color%22,%22title_text_color%22%93}&#8221; title_font_size_tablet=&#8221;50px&#8221; title_font_size_phone=&#8221;36px&#8221; title_font_size_last_edited=&#8221;on|phone&#8221; hover_enabled=&#8221;0&#8243; sticky_enabled=&#8221;0&#8243;][\/et_pb_heading][\/et_pb_column][\/et_pb_row][\/et_pb_section][et_pb_section fb_built=&#8221;1&#8243; _builder_version=&#8221;4.27.4&#8243; _module_preset=&#8221;default&#8221; custom_margin=&#8221;-1px|||||&#8221; custom_padding=&#8221;50px|||||&#8221; global_colors_info=&#8221;{}&#8221;][et_pb_row _builder_version=&#8221;4.27.4&#8243; _module_preset=&#8221;default&#8221; width=&#8221;100%&#8221; custom_margin=&#8221;-29px|auto||auto||&#8221; global_colors_info=&#8221;{}&#8221; max_width_tablet=&#8221;90%&#8221; max_width_phone=&#8221;85%&#8221; max_width_last_edited=&#8221;on|phone&#8221;][et_pb_column type=&#8221;4_4&#8243; _builder_version=&#8221;4.27.4&#8243; _module_preset=&#8221;default&#8221; global_colors_info=&#8221;{}&#8221;][et_pb_text _builder_version=&#8221;4.27.4&#8243; _module_preset=&#8221;default&#8221; link_font=&#8221;||||on|||gcid-ad629ad7-29bc-4d34-a428-476c380868ee|&#8221; link_text_color=&#8221;gcid-ad629ad7-29bc-4d34-a428-476c380868ee&#8221; header_2_font=&#8221;&#8211;et_global_heading_font||||||||&#8221; header_2_text_color=&#8221;#222B52&#8243; header_5_font=&#8221;|700|||||||&#8221; header_5_text_color=&#8221;gcid-ad629ad7-29bc-4d34-a428-476c380868ee&#8221; hover_enabled=&#8221;0&#8243; global_colors_info=&#8221;{%22gcid-ad629ad7-29bc-4d34-a428-476c380868ee%22:%91%22header_5_text_color%22,%22link_text_color%22%93}&#8221; sticky_enabled=&#8221;0&#8243; header_2_font_size_last_edited=&#8221;on|phone&#8221;]<\/p>\n<h2>Llety ar gyfer Ysgol Gerdd Haf<\/h2>\n<p><\/p>\n<p>Nid yw ein llety Ysgol Gerdd Haf wedi&#8217;i gynnwys yn y ffi dysgu.  Mae llety ar gyfer ein hYsgol Gerdd Haf ar gael mewn llety prifysgol ar y campws o fewn pellter cerdded i Ganolfan y Celfyddydau ac Ysgol Penglais. Rydym yn cynnig llety sy&#8217;n addas ar gyfer pob cyllideb (ac am bris gostyngol arbennig ar gyfer Musicfest), o ystafelloedd gwely sylfaenol ar y campws i ddatblygiad newydd sbon Fferm Penglais. Mae holl lety y Brifysgol o fewn pellter cerdded hawdd i leoliadau&#8217;r Ysgol Gerdd Haf.<\/p>\n<p><\/p>\n<p>Mae ystafelloedd ar gael gyda chyfleusterau hunanarlwyo ac en-suite ac mae gan fyfyrwyr Musicfest feddiannaeth unigryw o&#8217;r adeilad.<\/p>\n<p><\/p>\n<p>Mae&#8217;r holl westeion preswyl yn cael mynediad am ddim i&#8217;n<span>\u00a0<\/span><a href=\"https:\/\/www.aber.ac.uk\/en\/sportscentre\/\">Canolfan Chwaraeon<\/a><span>\u00a0<\/span>sy&#8217;n  cynnwys campfa a phwll nofio o&#8217;r radd flaenaf, ac mae parcio am ddim a Wi-Fi am ddim (yn amodol ar delerau defnyddio) ar y campws.<\/p>\n<p><\/p>\n<p>Mae manylion am becynnau llety a phrisiau ar gael drwy siop ar-lein Prifysgol Aberystwyth.<\/p>\n<p><\/p>\n<h2>Goruchwyliaeth dan 18 oed<\/h2>\n<p><\/p>\n<p>Bydd Musicfest yn derbyn ceisiadau gan fyfyrwyr 13 oed neu&#8217;n h\u0177n, ac weithiau myfyrwyr o dan 13 oed trwy gytundeb ymlaen llaw \u00e2 Musicfest.<\/p>\n<p><\/p>\n<p>Bydd Musicfest yn derbyn ceisiadau gan fyfyrwyr 13 oed neu&#8217;n h\u0177n, ac weithiau myfyrwyr o dan 13 oed trwy gytundeb ymlaen llaw \u00e2 Musicfest.<\/p>\n<p><\/p>\n<p>Bydd myfyrwyr rhwng 16 a 17 oed yn cael eu lletya ynghyd \u00e2 goruchwyliaeth briodol (mae ein t\u00eem cymorth bugeiliol yn cael ei arwain gan staff t\u0177 cymwys a phrofiadol). Bydd gofyn i rieni myfyrwyr o dan 18 oed lofnodi i gadarnhau y byddant yn cydymffurfio \u00e2 Chod Ymddygiad Ysgol Gerdd Haf G\u0175yl Gerdd Aberystwyth.  Disgwylir i bawb sy&#8217;n mynychu g\u0175yl gerddoriaeth Aberystwyth gydymffurfio \u00e2&#8217;r Cod Ymddygiad.<\/p>\n<p>[\/et_pb_text][\/et_pb_column][\/et_pb_row][\/et_pb_section]<\/p>\n","protected":false},"excerpt":{"rendered":"<p>Llety ar gyfer Ysgol Gerdd HafNid yw ein llety Ysgol Gerdd Haf wedi&#8217;i gynnwys yn y ffi dysgu. Mae llety ar gyfer ein hYsgol Gerdd Haf ar gael mewn llety prifysgol ar y campws o fewn pellter cerdded i Ganolfan y Celfyddydau ac Ysgol Penglais. Rydym yn cynnig llety sy&#8217;n addas ar gyfer pob cyllideb [&hellip;]<\/p>\n","protected":false},"author":34,"featured_media":0,"parent":0,"menu_order":0,"comment_status":"closed","ping_status":"closed","template":"","meta":{"_acf_changed":false,"_et_pb_use_builder":"on","_et_pb_old_content":"","_et_gb_content_width":"","footnotes":""},"class_list":["post-784","page","type-page","status-publish","hentry"],"acf":[],"_links":{"self":[{"href":"https:\/\/musicfestaberystwyth.org\/cy\/wp-json\/wp\/v2\/pages\/784","targetHints":{"allow":["GET"]}}],"collection":[{"href":"https:\/\/musicfestaberystwyth.org\/cy\/wp-json\/wp\/v2\/pages"}],"about":[{"href":"https:\/\/musicfestaberystwyth.org\/cy\/wp-json\/wp\/v2\/types\/page"}],"author":[{"embeddable":true,"href":"https:\/\/musicfestaberystwyth.org\/cy\/wp-json\/wp\/v2\/users\/34"}],"replies":[{"embeddable":true,"href":"https:\/\/musicfestaberystwyth.org\/cy\/wp-json\/wp\/v2\/comments?post=784"}],"version-history":[{"count":0,"href":"https:\/\/musicfestaberystwyth.org\/cy\/wp-json\/wp\/v2\/pages\/784\/revisions"}],"wp:attachment":[{"href":"https:\/\/musicfestaberystwyth.org\/cy\/wp-json\/wp\/v2\/media?parent=784"}],"curies":[{"name":"wp","href":"https:\/\/api.w.org\/{rel}","templated":true}]}}

<p>[et_pb_section fb_built=&#8221;1&#8243; _builder_version=&#8221;4.27.4&#8243; _module_preset=&#8221;default&#8221; background_color=&#8221;gcid-ad629ad7-29bc-4d34-a428-476c380868ee&#8221; custom_padding=&#8221;||50px|||&#8221; global_colors_info=&#8221;{%22gcid-ad629ad7-29bc-4d34-a428-476c380868ee%22:%91%22background_color%22%93}&#8221;][et_pb_row _builder_version=&#8221;4.27.4&#8243; _module_preset=&#8221;default&#8221; width=&#8221;100%&#8221; global_colors_info=&#8221;{}&#8221; max_width_tablet=&#8221;90%&#8221; max_width_phone=&#8221;85%&#8221; max_width_last_edited=&#8221;on|phone&#8221;][et_pb_column type=&#8221;4_4&#8243; _builder_version=&#8221;4.27.4&#8243; _module_preset=&#8221;default&#8221; global_colors_info=&#8221;{}&#8221;][et_pb_heading title=&#8221;Llety&#8221; _builder_version=&#8221;4.27.4&#8243; _module_preset=&#8221;default&#8221; title_font=&#8221;||||||||&#8221; title_text_color=&#8221;gcid-c22116c1-81a4-4cbf-84dc-c3f928405165&#8243; title_font_size=&#8221;60px&#8221; global_colors_info=&#8221;{%22gcid-c22116c1-81a4-4cbf-84dc-c3f928405165%22:%91%22title_text_color%22,%22title_text_color%22%93}&#8221; title_font_size_tablet=&#8221;50px&#8221; title_font_size_phone=&#8221;36px&#8221; title_font_size_last_edited=&#8221;on|phone&#8221; hover_enabled=&#8221;0&#8243; sticky_enabled=&#8221;0&#8243;][/et_pb_heading][/et_pb_column][/et_pb_row][/et_pb_section][et_pb_section fb_built=&#8221;1&#8243; _builder_version=&#8221;4.27.4&#8243; _module_preset=&#8221;default&#8221; custom_margin=&#8221;-1px|||||&#8221; custom_padding=&#8221;50px|||||&#8221; global_colors_info=&#8221;{}&#8221;][et_pb_row _builder_version=&#8221;4.27.4&#8243; _module_preset=&#8221;default&#8221; width=&#8221;100%&#8221; custom_margin=&#8221;-29px|auto||auto||&#8221; global_colors_info=&#8221;{}&#8221; max_width_tablet=&#8221;90%&#8221; max_width_phone=&#8221;85%&#8221; max_width_last_edited=&#8221;on|phone&#8221;][et_pb_column type=&#8221;4_4&#8243; _builder_version=&#8221;4.27.4&#8243; _module_preset=&#8221;default&#8221; global_colors_info=&#8221;{}&#8221;][et_pb_text _builder_version=&#8221;4.27.4&#8243; _module_preset=&#8221;default&#8221; link_font=&#8221;||||on|||gcid-ad629ad7-29bc-4d34-a428-476c380868ee|&#8221; link_text_color=&#8221;gcid-ad629ad7-29bc-4d34-a428-476c380868ee&#8221; header_2_font=&#8221;&#8211;et_global_heading_font||||||||&#8221; header_2_text_color=&#8221;#222B52&#8243; header_5_font=&#8221;|700|||||||&#8221; header_5_text_color=&#8221;gcid-ad629ad7-29bc-4d34-a428-476c380868ee&#8221; hover_enabled=&#8221;0&#8243; global_colors_info=&#8221;{%22gcid-ad629ad7-29bc-4d34-a428-476c380868ee%22:%91%22header_5_text_color%22,%22link_text_color%22%93}&#8221; sticky_enabled=&#8221;0&#8243; header_2_font_size_last_edited=&#8221;on|phone&#8221;]</p>
<h2>Llety ar gyfer Ysgol Gerdd Haf</h2>
<p></p>
<p>Nid yw ein llety Ysgol Gerdd Haf wedi&#8217;i gynnwys yn y ffi dysgu.  Mae llety ar gyfer ein hYsgol Gerdd Haf ar gael mewn llety prifysgol ar y campws o fewn pellter cerdded i Ganolfan y Celfyddydau ac Ysgol Penglais. Rydym yn cynnig llety sy&#8217;n addas ar gyfer pob cyllideb (ac am bris gostyngol arbennig ar gyfer Musicfest), o ystafelloedd gwely sylfaenol ar y campws i ddatblygiad newydd sbon Fferm Penglais. Mae holl lety y Brifysgol o fewn pellter cerdded hawdd i leoliadau&#8217;r Ysgol Gerdd Haf.</p>
<p></p>
<p>Mae ystafelloedd ar gael gyda chyfleusterau hunanarlwyo ac en-suite ac mae gan fyfyrwyr Musicfest feddiannaeth unigryw o&#8217;r adeilad.</p>
<p></p>
<p>Mae&#8217;r holl westeion preswyl yn cael mynediad am ddim i&#8217;n<span> </span><a href="https://www.aber.ac.uk/en/sportscentre/">Canolfan Chwaraeon</a><span> </span>sy&#8217;n  cynnwys campfa a phwll nofio o&#8217;r radd flaenaf, ac mae parcio am ddim a Wi-Fi am ddim (yn amodol ar delerau defnyddio) ar y campws.</p>
<p></p>
<p>Mae manylion am becynnau llety a phrisiau ar gael drwy siop ar-lein Prifysgol Aberystwyth.</p>
<p></p>
<h2>Goruchwyliaeth dan 18 oed</h2>
<p></p>
<p>Bydd Musicfest yn derbyn ceisiadau gan fyfyrwyr 13 oed neu&#8217;n hŷn, ac weithiau myfyrwyr o dan 13 oed trwy gytundeb ymlaen llaw â Musicfest.</p>
<p></p>
<p>Bydd Musicfest yn derbyn ceisiadau gan fyfyrwyr 13 oed neu&#8217;n hŷn, ac weithiau myfyrwyr o dan 13 oed trwy gytundeb ymlaen llaw â Musicfest.</p>
<p></p>
<p>Bydd myfyrwyr rhwng 16 a 17 oed yn cael eu lletya ynghyd â goruchwyliaeth briodol (mae ein tîm cymorth bugeiliol yn cael ei arwain gan staff tŷ cymwys a phrofiadol). Bydd gofyn i rieni myfyrwyr o dan 18 oed lofnodi i gadarnhau y byddant yn cydymffurfio â Chod Ymddygiad Ysgol Gerdd Haf Gŵyl Gerdd Aberystwyth.  Disgwylir i bawb sy&#8217;n mynychu gŵyl gerddoriaeth Aberystwyth gydymffurfio â&#8217;r Cod Ymddygiad.</p>
<p>[/et_pb_text][/et_pb_column][/et_pb_row][/et_pb_section]</p>
