{"id":769,"date":"2026-02-18T17:17:45","date_gmt":"2026-02-18T17:17:45","guid":{"rendered":"https:\/\/musicfestaberystwyth.org\/nawdd-neu-roddion\/"},"modified":"2026-02-18T17:17:45","modified_gmt":"2026-02-18T17:17:45","slug":"nawdd-neu-roddion","status":"publish","type":"page","link":"https:\/\/musicfestaberystwyth.org\/cy\/nawdd-neu-roddion\/","title":{"rendered":"Nawdd neu Roddion"},"content":{"rendered":"<p>[et_pb_section fb_built=&#8221;1&#8243; _builder_version=&#8221;4.27.4&#8243; _module_preset=&#8221;default&#8221; background_color=&#8221;gcid-ad629ad7-29bc-4d34-a428-476c380868ee&#8221; custom_padding=&#8221;||50px|||&#8221; global_colors_info=&#8221;{%22gcid-ad629ad7-29bc-4d34-a428-476c380868ee%22:%91%22background_color%22%93}&#8221;][et_pb_row _builder_version=&#8221;4.27.4&#8243; _module_preset=&#8221;default&#8221; width=&#8221;100%&#8221; global_colors_info=&#8221;{}&#8221; max_width_tablet=&#8221;90%&#8221; max_width_phone=&#8221;85%&#8221; max_width_last_edited=&#8221;on|phone&#8221;][et_pb_column type=&#8221;4_4&#8243; _builder_version=&#8221;4.27.4&#8243; _module_preset=&#8221;default&#8221; global_colors_info=&#8221;{}&#8221;][et_pb_heading title=&#8221;Nawdd neu Roddion&#8221; _builder_version=&#8221;4.27.4&#8243; _module_preset=&#8221;default&#8221; title_font=&#8221;||||||||&#8221; title_text_color=&#8221;gcid-c22116c1-81a4-4cbf-84dc-c3f928405165&#8243; title_font_size=&#8221;60px&#8221; global_colors_info=&#8221;{%22gcid-c22116c1-81a4-4cbf-84dc-c3f928405165%22:%91%22title_text_color%22,%22title_text_color%22%93}&#8221; title_font_size_tablet=&#8221;50px&#8221; title_font_size_phone=&#8221;46px&#8221; title_font_size_last_edited=&#8221;on|phone&#8221; hover_enabled=&#8221;0&#8243; sticky_enabled=&#8221;0&#8243;][\/et_pb_heading][\/et_pb_column][\/et_pb_row][\/et_pb_section][et_pb_section fb_built=&#8221;1&#8243; _builder_version=&#8221;4.27.4&#8243; _module_preset=&#8221;default&#8221; custom_margin=&#8221;-1px|||||&#8221; custom_padding=&#8221;50px|||||&#8221; global_colors_info=&#8221;{}&#8221;][et_pb_row _builder_version=&#8221;4.27.4&#8243; _module_preset=&#8221;default&#8221; width=&#8221;100%&#8221; custom_margin=&#8221;-29px|auto||auto||&#8221; global_colors_info=&#8221;{}&#8221; max_width_tablet=&#8221;90%&#8221; max_width_phone=&#8221;85%&#8221; max_width_last_edited=&#8221;on|phone&#8221;][et_pb_column type=&#8221;4_4&#8243; _builder_version=&#8221;4.27.4&#8243; _module_preset=&#8221;default&#8221; global_colors_info=&#8221;{}&#8221;][et_pb_text _builder_version=&#8221;4.27.4&#8243; _module_preset=&#8221;default&#8221; link_font=&#8221;|||||||#B25640|&#8221; link_text_color=&#8221;#B25640&#8243; header_5_font=&#8221;|700|||||||&#8221; header_5_text_color=&#8221;gcid-ad629ad7-29bc-4d34-a428-476c380868ee&#8221; hover_enabled=&#8221;0&#8243; global_colors_info=&#8221;{%22gcid-ad629ad7-29bc-4d34-a428-476c380868ee%22:%91%22header_5_text_color%22%93}&#8221; sticky_enabled=&#8221;0&#8243;]<\/p>\n<p>Os oes gennych ddiddordeb mewn bod yn noddwr neu gyfrannu i Musicfest, cysylltwch \u00e2: <a href=\"mailto:%20musicfest@aber.ac.uk.\">musicfest@aber.ac.uk.<\/a><\/p>\n<p><\/p>\n<p>Yng Ng\u0175yl Gerdd Aberystwyth, rydym yn credu yng ngrym trawsnewidiol cerddoriaeth a&#8217;r celfyddydau. Bob blwyddyn, mae ein g\u0175yl yn dwyn ynghyd gerddorion o&#8217;r radd flaenaf, myfyrwyr uchelgeisiol, a chynulleidfaoedd angerddol mewn dathliad o greadigrwydd a rhagoriaeth artistig. Ond ni allwn wneud hynny ar ein pen ein hunain\u2014mae angen eich cefnogaeth arnom i barhau i wneud y digwyddiadau rhyfeddol hyn yn Aberystwyth yn bosibl.<\/p>\n<p><\/p>\n<p>Mae eich nawdd neu&#8217;ch rhodd yn cefnogi&#8217;n uniongyrchol yr artistiaid, yr addysgwyr a&#8217;r rhaglenni sy&#8217;n gwneud G\u0175yl Gerdd Aberystwyth yn brofiad diwylliannol unigryw a bywiog. Trwy gyfrannu, rydych chi&#8217;n helpu i gynnal y celfyddydau ac ysbrydoli&#8217;r genhedlaeth nesaf o gerddorion.<\/p>\n<p><\/p>\n<p>Mae eich cefnogaeth yn ein galluogi i gynnig ysgoloriaethau i fyfyrwyr talentog, cynnal dosbarthiadau meistr a gweithdai gydag artistiaid enwog yn ein hysgol gerddoriaeth haf, a chyflwyno perfformiadau eithriadol sy&#8217;n cyfoethogi bywyd diwylliannol ein cymuned. Mae pob rhodd, mawr neu fach, yn ein helpu i wneud gwahaniaeth.<\/p>\n<p><\/p>\n<p>Mae Musicfest yn cynnig ystod eang o becynnau nawdd a rhoddion. Mae eich cefnogaeth yn gwneud g\u0175yl gerddoriaeth Aberystwyth yn bosibl. Gyda&#8217;n gilydd, gallwn barhau i ddarparu cyngherddau o&#8217;r radd flaenaf yng Nghymru, meithrin talent sy&#8217;n dod i&#8217;r amlwg, arddangos rhai o&#8217;r digwyddiadau gorau yn Aberystwyth a chyfoethogi ein cymuned trwy b\u0175er cerddoriaeth.<\/p>\n<p><\/p>\n<p>Os oes gennych ddiddordeb mewn bod yn noddwr neu gyfrannu G\u0175yl Gerdd Aberystwyth, cysylltwch \u00e2: <a href=\"mailto:%20musicfest@aber.ac.uk.\">musicfest@aber.ac.uk.<\/a><\/p>\n<p>[\/et_pb_text][\/et_pb_column][\/et_pb_row][\/et_pb_section]<\/p>\n","protected":false},"excerpt":{"rendered":"<p>Os oes gennych ddiddordeb mewn bod yn noddwr neu gyfrannu i Musicfest, cysylltwch \u00e2: musicfest@aber.ac.uk.Yng Ng\u0175yl Gerdd Aberystwyth, rydym yn credu yng ngrym trawsnewidiol cerddoriaeth a&#8217;r celfyddydau. Bob blwyddyn, mae ein g\u0175yl yn dwyn ynghyd gerddorion o&#8217;r radd flaenaf, myfyrwyr uchelgeisiol, a chynulleidfaoedd angerddol mewn dathliad o greadigrwydd a rhagoriaeth artistig. Ond ni allwn wneud [&hellip;]<\/p>\n","protected":false},"author":34,"featured_media":0,"parent":0,"menu_order":0,"comment_status":"closed","ping_status":"closed","template":"","meta":{"_acf_changed":false,"_et_pb_use_builder":"on","_et_pb_old_content":"","_et_gb_content_width":"","footnotes":""},"class_list":["post-769","page","type-page","status-publish","hentry"],"acf":[],"_links":{"self":[{"href":"https:\/\/musicfestaberystwyth.org\/cy\/wp-json\/wp\/v2\/pages\/769","targetHints":{"allow":["GET"]}}],"collection":[{"href":"https:\/\/musicfestaberystwyth.org\/cy\/wp-json\/wp\/v2\/pages"}],"about":[{"href":"https:\/\/musicfestaberystwyth.org\/cy\/wp-json\/wp\/v2\/types\/page"}],"author":[{"embeddable":true,"href":"https:\/\/musicfestaberystwyth.org\/cy\/wp-json\/wp\/v2\/users\/34"}],"replies":[{"embeddable":true,"href":"https:\/\/musicfestaberystwyth.org\/cy\/wp-json\/wp\/v2\/comments?post=769"}],"version-history":[{"count":0,"href":"https:\/\/musicfestaberystwyth.org\/cy\/wp-json\/wp\/v2\/pages\/769\/revisions"}],"wp:attachment":[{"href":"https:\/\/musicfestaberystwyth.org\/cy\/wp-json\/wp\/v2\/media?parent=769"}],"curies":[{"name":"wp","href":"https:\/\/api.w.org\/{rel}","templated":true}]}}

<p>[et_pb_section fb_built=&#8221;1&#8243; _builder_version=&#8221;4.27.4&#8243; _module_preset=&#8221;default&#8221; background_color=&#8221;gcid-ad629ad7-29bc-4d34-a428-476c380868ee&#8221; custom_padding=&#8221;||50px|||&#8221; global_colors_info=&#8221;{%22gcid-ad629ad7-29bc-4d34-a428-476c380868ee%22:%91%22background_color%22%93}&#8221;][et_pb_row _builder_version=&#8221;4.27.4&#8243; _module_preset=&#8221;default&#8221; width=&#8221;100%&#8221; global_colors_info=&#8221;{}&#8221; max_width_tablet=&#8221;90%&#8221; max_width_phone=&#8221;85%&#8221; max_width_last_edited=&#8221;on|phone&#8221;][et_pb_column type=&#8221;4_4&#8243; _builder_version=&#8221;4.27.4&#8243; _module_preset=&#8221;default&#8221; global_colors_info=&#8221;{}&#8221;][et_pb_heading title=&#8221;Nawdd neu Roddion&#8221; _builder_version=&#8221;4.27.4&#8243; _module_preset=&#8221;default&#8221; title_font=&#8221;||||||||&#8221; title_text_color=&#8221;gcid-c22116c1-81a4-4cbf-84dc-c3f928405165&#8243; title_font_size=&#8221;60px&#8221; global_colors_info=&#8221;{%22gcid-c22116c1-81a4-4cbf-84dc-c3f928405165%22:%91%22title_text_color%22,%22title_text_color%22%93}&#8221; title_font_size_tablet=&#8221;50px&#8221; title_font_size_phone=&#8221;46px&#8221; title_font_size_last_edited=&#8221;on|phone&#8221; hover_enabled=&#8221;0&#8243; sticky_enabled=&#8221;0&#8243;][/et_pb_heading][/et_pb_column][/et_pb_row][/et_pb_section][et_pb_section fb_built=&#8221;1&#8243; _builder_version=&#8221;4.27.4&#8243; _module_preset=&#8221;default&#8221; custom_margin=&#8221;-1px|||||&#8221; custom_padding=&#8221;50px|||||&#8221; global_colors_info=&#8221;{}&#8221;][et_pb_row _builder_version=&#8221;4.27.4&#8243; _module_preset=&#8221;default&#8221; width=&#8221;100%&#8221; custom_margin=&#8221;-29px|auto||auto||&#8221; global_colors_info=&#8221;{}&#8221; max_width_tablet=&#8221;90%&#8221; max_width_phone=&#8221;85%&#8221; max_width_last_edited=&#8221;on|phone&#8221;][et_pb_column type=&#8221;4_4&#8243; _builder_version=&#8221;4.27.4&#8243; _module_preset=&#8221;default&#8221; global_colors_info=&#8221;{}&#8221;][et_pb_text _builder_version=&#8221;4.27.4&#8243; _module_preset=&#8221;default&#8221; link_font=&#8221;|||||||#B25640|&#8221; link_text_color=&#8221;#B25640&#8243; header_5_font=&#8221;|700|||||||&#8221; header_5_text_color=&#8221;gcid-ad629ad7-29bc-4d34-a428-476c380868ee&#8221; hover_enabled=&#8221;0&#8243; global_colors_info=&#8221;{%22gcid-ad629ad7-29bc-4d34-a428-476c380868ee%22:%91%22header_5_text_color%22%93}&#8221; sticky_enabled=&#8221;0&#8243;]</p>
<p>Os oes gennych ddiddordeb mewn bod yn noddwr neu gyfrannu i Musicfest, cysylltwch â: <a href="mailto:%20musicfest@aber.ac.uk.">musicfest@aber.ac.uk.</a></p>
<p></p>
<p>Yng Ngŵyl Gerdd Aberystwyth, rydym yn credu yng ngrym trawsnewidiol cerddoriaeth a&#8217;r celfyddydau. Bob blwyddyn, mae ein gŵyl yn dwyn ynghyd gerddorion o&#8217;r radd flaenaf, myfyrwyr uchelgeisiol, a chynulleidfaoedd angerddol mewn dathliad o greadigrwydd a rhagoriaeth artistig. Ond ni allwn wneud hynny ar ein pen ein hunain—mae angen eich cefnogaeth arnom i barhau i wneud y digwyddiadau rhyfeddol hyn yn Aberystwyth yn bosibl.</p>
<p></p>
<p>Mae eich nawdd neu&#8217;ch rhodd yn cefnogi&#8217;n uniongyrchol yr artistiaid, yr addysgwyr a&#8217;r rhaglenni sy&#8217;n gwneud Gŵyl Gerdd Aberystwyth yn brofiad diwylliannol unigryw a bywiog. Trwy gyfrannu, rydych chi&#8217;n helpu i gynnal y celfyddydau ac ysbrydoli&#8217;r genhedlaeth nesaf o gerddorion.</p>
<p></p>
<p>Mae eich cefnogaeth yn ein galluogi i gynnig ysgoloriaethau i fyfyrwyr talentog, cynnal dosbarthiadau meistr a gweithdai gydag artistiaid enwog yn ein hysgol gerddoriaeth haf, a chyflwyno perfformiadau eithriadol sy&#8217;n cyfoethogi bywyd diwylliannol ein cymuned. Mae pob rhodd, mawr neu fach, yn ein helpu i wneud gwahaniaeth.</p>
<p></p>
<p>Mae Musicfest yn cynnig ystod eang o becynnau nawdd a rhoddion. Mae eich cefnogaeth yn gwneud gŵyl gerddoriaeth Aberystwyth yn bosibl. Gyda&#8217;n gilydd, gallwn barhau i ddarparu cyngherddau o&#8217;r radd flaenaf yng Nghymru, meithrin talent sy&#8217;n dod i&#8217;r amlwg, arddangos rhai o&#8217;r digwyddiadau gorau yn Aberystwyth a chyfoethogi ein cymuned trwy bŵer cerddoriaeth.</p>
<p></p>
<p>Os oes gennych ddiddordeb mewn bod yn noddwr neu gyfrannu Gŵyl Gerdd Aberystwyth, cysylltwch â: <a href="mailto:%20musicfest@aber.ac.uk.">musicfest@aber.ac.uk.</a></p>
<p>[/et_pb_text][/et_pb_column][/et_pb_row][/et_pb_section]</p>

<p>Os oes gennych ddiddordeb mewn bod yn noddwr neu gyfrannu i Musicfest, cysylltwch â: musicfest@aber.ac.uk.Yng Ngŵyl Gerdd Aberystwyth, rydym yn credu yng ngrym trawsnewidiol cerddoriaeth a&#8217;r celfyddydau. Bob blwyddyn, mae ein gŵyl yn dwyn ynghyd gerddorion o&#8217;r radd flaenaf, myfyrwyr uchelgeisiol, a chynulleidfaoedd angerddol mewn dathliad o greadigrwydd a rhagoriaeth artistig. Ond ni allwn wneud [&hellip;]</p>
