{"id":186,"date":"2022-02-13T13:51:49","date_gmt":"2022-02-13T13:51:49","guid":{"rendered":"http:\/\/kerry1.guru.cambrianweb.dev\/?page_id=186"},"modified":"2026-05-12T12:10:23","modified_gmt":"2026-05-12T11:10:23","slug":"amdanom","status":"publish","type":"page","link":"https:\/\/musicfestaberystwyth.org\/cy\/amdanom\/","title":{"rendered":"Amdanom"},"content":{"rendered":"<p>[et_pb_section fb_built=&#8221;1&#8243; _builder_version=&#8221;4.27.4&#8243; _module_preset=&#8221;default&#8221; background_color=&#8221;gcid-ad629ad7-29bc-4d34-a428-476c380868ee&#8221; custom_padding=&#8221;||50px|||&#8221; global_colors_info=&#8221;{%22gcid-ad629ad7-29bc-4d34-a428-476c380868ee%22:%91%22background_color%22%93}&#8221;][et_pb_row _builder_version=&#8221;4.27.4&#8243; _module_preset=&#8221;default&#8221; width=&#8221;100%&#8221; max_width_tablet=&#8221;90%&#8221; max_width_phone=&#8221;85%&#8221; max_width_last_edited=&#8221;on|phone&#8221; global_colors_info=&#8221;{}&#8221;][et_pb_column type=&#8221;4_4&#8243; _builder_version=&#8221;4.27.4&#8243; _module_preset=&#8221;default&#8221; global_colors_info=&#8221;{}&#8221;][et_pb_heading title=&#8221;About Us&#8221; _builder_version=&#8221;4.27.4&#8243; _module_preset=&#8221;default&#8221; title_font=&#8221;||||||||&#8221; title_text_color=&#8221;gcid-c22116c1-81a4-4cbf-84dc-c3f928405165&#8243; title_font_size=&#8221;60px&#8221; title_font_size_tablet=&#8221;50px&#8221; title_font_size_phone=&#8221;46px&#8221; title_font_size_last_edited=&#8221;on|phone&#8221; locked=&#8221;off&#8221; global_colors_info=&#8221;{%22gcid-c22116c1-81a4-4cbf-84dc-c3f928405165%22:%91%22title_text_color%22,%22title_text_color%22%93}&#8221;][\/et_pb_heading][\/et_pb_column][\/et_pb_row][\/et_pb_section][et_pb_section fb_built=&#8221;1&#8243; _builder_version=&#8221;4.27.4&#8243; _module_preset=&#8221;default&#8221; custom_margin=&#8221;-1px|||||&#8221; custom_padding=&#8221;50px|||||&#8221; global_colors_info=&#8221;{}&#8221;][et_pb_row _builder_version=&#8221;4.27.4&#8243; _module_preset=&#8221;default&#8221; width=&#8221;100%&#8221; max_width_tablet=&#8221;90%&#8221; max_width_phone=&#8221;85%&#8221; max_width_last_edited=&#8221;on|phone&#8221; custom_margin=&#8221;-29px|auto||auto||&#8221; global_colors_info=&#8221;{}&#8221;][et_pb_column type=&#8221;4_4&#8243; _builder_version=&#8221;4.27.4&#8243; _module_preset=&#8221;default&#8221; global_colors_info=&#8221;{}&#8221;][et_pb_heading title=&#8221;Musicfest&#8221; _builder_version=&#8221;4.27.4&#8243; _module_preset=&#8221;default&#8221; title_level=&#8221;h2&#8243; title_font=&#8221;||||||||&#8221; title_text_color=&#8221;#222B52&#8243; title_font_size=&#8221;40px&#8221; title_font_size_tablet=&#8221;36px&#8221; title_font_size_phone=&#8221;36px&#8221; title_font_size_last_edited=&#8221;on|phone&#8221; global_colors_info=&#8221;{}&#8221;][\/et_pb_heading][\/et_pb_column][\/et_pb_row][et_pb_row _builder_version=&#8221;4.27.4&#8243; _module_preset=&#8221;default&#8221; width=&#8221;100%&#8221; max_width_tablet=&#8221;90%&#8221; max_width_phone=&#8221;85%&#8221; max_width_last_edited=&#8221;on|phone&#8221; custom_margin=&#8221;-29px|auto||auto||&#8221; global_colors_info=&#8221;{}&#8221;][et_pb_column type=&#8221;4_4&#8243; _builder_version=&#8221;4.27.4&#8243; _module_preset=&#8221;default&#8221; global_colors_info=&#8221;{}&#8221;][et_pb_text _builder_version=&#8221;4.27.4&#8243; _module_preset=&#8221;default&#8221; global_colors_info=&#8221;{}&#8221;]<\/p>\n<p>Every summer, Musicfest programmes world-class musicians from Wales and around the world, including Sir Bryn Terfel, Ll\u0177r Williams, Catrin Finch, ensembles like the Royal Philarmonic Orchestra, Welsh National Opera Orchestra, Sinfonia Cymru, the Solem Quartet and Pocket Sinfonia, jazz and folk artists like Tomos Williams, the Art Deco Trio and Owen Shiers (Cynefin). We perform all kinds of music, from world premieres to classical favourites. We also give a platform to Aberystwyth\u2019s wonderful community orchestra, Aberystwyth Philomusica, our distinguished tutors, and emerging young musicians, as well as a variety of local groups through Musicfest Xtra.<\/p>\n<p>[\/et_pb_text][\/et_pb_column][\/et_pb_row][et_pb_row _builder_version=&#8221;4.27.4&#8243; _module_preset=&#8221;default&#8221; width=&#8221;100%&#8221; max_width_tablet=&#8221;90%&#8221; max_width_phone=&#8221;85%&#8221; max_width_last_edited=&#8221;on|phone&#8221; custom_margin=&#8221;-29px|auto||auto||&#8221; global_colors_info=&#8221;{}&#8221;][et_pb_column type=&#8221;4_4&#8243; _builder_version=&#8221;4.27.4&#8243; _module_preset=&#8221;default&#8221; global_colors_info=&#8221;{}&#8221;][et_pb_heading title=&#8221;Meet the Team&#8221; _builder_version=&#8221;4.27.4&#8243; _module_preset=&#8221;default&#8221; title_level=&#8221;h2&#8243; title_font=&#8221;||||||||&#8221; title_text_color=&#8221;#222B52&#8243; title_font_size=&#8221;40px&#8221; title_font_size_tablet=&#8221;36px&#8221; title_font_size_phone=&#8221;36px&#8221; title_font_size_last_edited=&#8221;on|phone&#8221; global_colors_info=&#8221;{%22gcid-ad629ad7-29bc-4d34-a428-476c380868ee%22:%91%22title_text_color%22%93}&#8221;][\/et_pb_heading][\/et_pb_column][\/et_pb_row][et_pb_row column_structure=&#8221;1_2,1_2&#8243; _builder_version=&#8221;4.27.6&#8243; _module_preset=&#8221;default&#8221; width=&#8221;100%&#8221; max_width_tablet=&#8221;90%&#8221; max_width_phone=&#8221;85%&#8221; max_width_last_edited=&#8221;on|phone&#8221; custom_margin=&#8221;0px|auto|0px|auto|false|false&#8221; custom_padding=&#8221;||0px||false|false&#8221; global_colors_info=&#8221;{}&#8221;][et_pb_column type=&#8221;1_2&#8243; _builder_version=&#8221;4.27.4&#8243; _module_preset=&#8221;default&#8221; global_colors_info=&#8221;{}&#8221;][et_pb_blurb title=&#8221;Iwan Teifion Davies&#8221; image=&#8221;https:\/\/musicfestaberystwyth.org\/wp-content\/uploads\/2026\/01\/Iwan.jpg&#8221; _builder_version=&#8221;4.27.4&#8243; _module_preset=&#8221;default&#8221; header_level=&#8221;h3&#8243; header_font=&#8221;||||||||&#8221; header_text_color=&#8221;#222B52&#8243; header_font_size=&#8221;30px&#8221; text_orientation=&#8221;center&#8221; header_font_size_tablet=&#8221;30px&#8221; header_font_size_phone=&#8221;24px&#8221; header_font_size_last_edited=&#8221;on|phone&#8221; border_radii_image=&#8221;on|25px|25px|25px|25px&#8221; global_colors_info=&#8221;{}&#8221;]<\/p>\n<h3><span style=\"color: #0aafc9;\">Artistic Director<\/span><\/h3>\n<p><\/p>\n<p>Welsh conductor Iwan Davies is Artistic Director of Aberystwyth Musicfest. At the Salzburger Landestheater from 2017-20 he conducted repertoire ranging from Rossini to Philip Glass. He has conducted numerous operas for the Buxton International Festival, where he is Head of Music, as well as for English Touring Opera, Music Theatre Wales, and with the Welsh National Opera orchestra. A champion of Welsh music, he has commissioned and conducted numerous world premieres, including Gareth Glyn\u2019s opera film for Channel 4 and S4\/C, <em>Fires of the Moon<\/em>, premiered at the Edinburgh International Film Festival. He trained at the Guildhall and the National Opera Studio.<\/p>\n<p><\/p>\n<p>&nbsp;<\/p>\n<p>[\/et_pb_blurb][\/et_pb_column][et_pb_column type=&#8221;1_2&#8243; _builder_version=&#8221;4.27.4&#8243; _module_preset=&#8221;default&#8221; global_colors_info=&#8221;{}&#8221;][et_pb_blurb title=&#8221;Joan Rowlands&#8221; image=&#8221;https:\/\/musicfestaberystwyth.org\/wp-content\/uploads\/2026\/03\/joan-5-cropped.jpg&#8221; _builder_version=&#8221;4.27.6&#8243; _module_preset=&#8221;default&#8221; header_level=&#8221;h3&#8243; header_font=&#8221;||||||||&#8221; header_text_color=&#8221;#222B52&#8243; header_font_size=&#8221;30px&#8221; text_orientation=&#8221;center&#8221; custom_margin=&#8221;||497px|||&#8221; custom_padding=&#8221;|8px|563px|||&#8221; hover_enabled=&#8221;0&#8243; header_font_size_tablet=&#8221;30px&#8221; header_font_size_phone=&#8221;24px&#8221; header_font_size_last_edited=&#8221;on|phone&#8221; border_radii_image=&#8221;on|25px|25px|25px|25px&#8221; global_colors_info=&#8221;{%22gcid-ad629ad7-29bc-4d34-a428-476c380868ee%22:%91%22header_text_color%22%93}&#8221; image_icon_custom_margin=&#8221;||||true&#8221; min_height=&#8221;1000px&#8221; height=&#8221;1000px&#8221; sticky_enabled=&#8221;0&#8243;]<\/p>\n<h2>Rheolwr yr \u0174yl<\/h2>\n<p><\/p>\n<p>Rydw i wedi bod ynghlwm wrth Musicfest am nifer o flynyddoedd. Mae r\u00f4l Rheolwr yr \u0174yl yn un diddorol iawn, gan ymwneud \u00e2 threfnu pob elfen o\u2019r \u0175yl a&#8217;r ysgol haf. Mae agweddau o fy ngwaith cynharach wedi bod yn ddefnyddiol, yn gyntaf fy mhrofiad gyda\u2019r Refeniw Mewnol yn ymwneud \u00e2 chyfrifon ac yn ail fy ngyrfa ddiweddarach fel darlithydd ym Mhrifysgol Aberystwyth, yn dysgu clasuron. Mae&#8217;r swyddi hyn wedi rhoi sgiliau trefnu a sgiliau pobl i mi, y cyntaf yn ymwneud \u00e2 gweithdrefnau ariannol, yr ail gyda myfyrwyr, adnoddau dynol, addysgu. Mae fy niddordeb mewn cerddoriaeth wedi cael ei adfywio gan addysg gerddoriaeth fy merch, a fynychodd ysgol haf Musicfest.<\/p>\n<p><\/p>\n<div class=\"row\">\u00a0<\/div>\n<p>[\/et_pb_blurb][\/et_pb_column][\/et_pb_row][et_pb_row _builder_version=&#8221;4.27.4&#8243; _module_preset=&#8221;default&#8221; width=&#8221;100%&#8221; max_width_tablet=&#8221;90%&#8221; max_width_phone=&#8221;85%&#8221; max_width_last_edited=&#8221;on|phone&#8221; custom_margin=&#8221;-29px|auto||auto||&#8221; global_colors_info=&#8221;{}&#8221;][et_pb_column type=&#8221;4_4&#8243; _builder_version=&#8221;4.27.4&#8243; _module_preset=&#8221;default&#8221; global_colors_info=&#8221;{}&#8221;][et_pb_heading title=&#8221;Aberystwyth: Home of Musicfest&#8221; _builder_version=&#8221;4.27.4&#8243; _module_preset=&#8221;default&#8221; title_level=&#8221;h2&#8243; title_font=&#8221;||||||||&#8221; title_text_color=&#8221;#222B52&#8243; title_font_size=&#8221;40px&#8221; custom_margin=&#8221;||15px|||&#8221; title_font_size_tablet=&#8221;36px&#8221; title_font_size_phone=&#8221;36px&#8221; title_font_size_last_edited=&#8221;on|phone&#8221; global_colors_info=&#8221;{%22gcid-ad629ad7-29bc-4d34-a428-476c380868ee%22:%91%22title_text_color%22%93}&#8221;][\/et_pb_heading][et_pb_text _builder_version=&#8221;4.27.4&#8243; _module_preset=&#8221;default&#8221; global_colors_info=&#8221;{}&#8221;]<\/p>\n<p>Aberystwyth is a vibrant cultural centre on the coast of West Wales, home to Aberystwyth University and the National Library of Wales. Aberystwyth Arts Centre is central to our activities, and the majority of Musicfest concerts take place there. We also perform in local churches, the Ceredigion Museum, Theatr Arad Goch, and more informal venues in the town. The stunning backdrop of Cardigan Bay makes Aberystwyth the perfect place to spend your summer.<\/p>\n<p>[\/et_pb_text][\/et_pb_column][\/et_pb_row][\/et_pb_section]<\/p>\n","protected":false},"excerpt":{"rendered":"<p>Every summer, Musicfest programmes world-class musicians from Wales and around the world, including Sir Bryn Terfel, Ll\u0177r Williams, Catrin Finch, ensembles like the Royal Philarmonic Orchestra, Welsh National Opera Orchestra, Sinfonia Cymru, the Solem Quartet and Pocket Sinfonia, jazz and folk artists like Tomos Williams, the Art Deco Trio and Owen Shiers (Cynefin). We perform [&hellip;]<\/p>\n","protected":false},"author":34,"featured_media":0,"parent":0,"menu_order":0,"comment_status":"closed","ping_status":"closed","template":"","meta":{"_acf_changed":false,"_et_pb_use_builder":"on","_et_pb_old_content":"","_et_gb_content_width":"","footnotes":""},"class_list":["post-186","page","type-page","status-publish","hentry"],"acf":[],"_links":{"self":[{"href":"https:\/\/musicfestaberystwyth.org\/cy\/wp-json\/wp\/v2\/pages\/186","targetHints":{"allow":["GET"]}}],"collection":[{"href":"https:\/\/musicfestaberystwyth.org\/cy\/wp-json\/wp\/v2\/pages"}],"about":[{"href":"https:\/\/musicfestaberystwyth.org\/cy\/wp-json\/wp\/v2\/types\/page"}],"author":[{"embeddable":true,"href":"https:\/\/musicfestaberystwyth.org\/cy\/wp-json\/wp\/v2\/users\/34"}],"replies":[{"embeddable":true,"href":"https:\/\/musicfestaberystwyth.org\/cy\/wp-json\/wp\/v2\/comments?post=186"}],"version-history":[{"count":0,"href":"https:\/\/musicfestaberystwyth.org\/cy\/wp-json\/wp\/v2\/pages\/186\/revisions"}],"wp:attachment":[{"href":"https:\/\/musicfestaberystwyth.org\/cy\/wp-json\/wp\/v2\/media?parent=186"}],"curies":[{"name":"wp","href":"https:\/\/api.w.org\/{rel}","templated":true}]}}

<p>[et_pb_section fb_built=&#8221;1&#8243; _builder_version=&#8221;4.27.4&#8243; _module_preset=&#8221;default&#8221; background_color=&#8221;gcid-ad629ad7-29bc-4d34-a428-476c380868ee&#8221; custom_padding=&#8221;||50px|||&#8221; global_colors_info=&#8221;{%22gcid-ad629ad7-29bc-4d34-a428-476c380868ee%22:%91%22background_color%22%93}&#8221;][et_pb_row _builder_version=&#8221;4.27.4&#8243; _module_preset=&#8221;default&#8221; width=&#8221;100%&#8221; max_width_tablet=&#8221;90%&#8221; max_width_phone=&#8221;85%&#8221; max_width_last_edited=&#8221;on|phone&#8221; global_colors_info=&#8221;{}&#8221;][et_pb_column type=&#8221;4_4&#8243; _builder_version=&#8221;4.27.4&#8243; _module_preset=&#8221;default&#8221; global_colors_info=&#8221;{}&#8221;][et_pb_heading title=&#8221;About Us&#8221; _builder_version=&#8221;4.27.4&#8243; _module_preset=&#8221;default&#8221; title_font=&#8221;||||||||&#8221; title_text_color=&#8221;gcid-c22116c1-81a4-4cbf-84dc-c3f928405165&#8243; title_font_size=&#8221;60px&#8221; title_font_size_tablet=&#8221;50px&#8221; title_font_size_phone=&#8221;46px&#8221; title_font_size_last_edited=&#8221;on|phone&#8221; locked=&#8221;off&#8221; global_colors_info=&#8221;{%22gcid-c22116c1-81a4-4cbf-84dc-c3f928405165%22:%91%22title_text_color%22,%22title_text_color%22%93}&#8221;][/et_pb_heading][/et_pb_column][/et_pb_row][/et_pb_section][et_pb_section fb_built=&#8221;1&#8243; _builder_version=&#8221;4.27.4&#8243; _module_preset=&#8221;default&#8221; custom_margin=&#8221;-1px|||||&#8221; custom_padding=&#8221;50px|||||&#8221; global_colors_info=&#8221;{}&#8221;][et_pb_row _builder_version=&#8221;4.27.4&#8243; _module_preset=&#8221;default&#8221; width=&#8221;100%&#8221; max_width_tablet=&#8221;90%&#8221; max_width_phone=&#8221;85%&#8221; max_width_last_edited=&#8221;on|phone&#8221; custom_margin=&#8221;-29px|auto||auto||&#8221; global_colors_info=&#8221;{}&#8221;][et_pb_column type=&#8221;4_4&#8243; _builder_version=&#8221;4.27.4&#8243; _module_preset=&#8221;default&#8221; global_colors_info=&#8221;{}&#8221;][et_pb_heading title=&#8221;Musicfest&#8221; _builder_version=&#8221;4.27.4&#8243; _module_preset=&#8221;default&#8221; title_level=&#8221;h2&#8243; title_font=&#8221;||||||||&#8221; title_text_color=&#8221;#222B52&#8243; title_font_size=&#8221;40px&#8221; title_font_size_tablet=&#8221;36px&#8221; title_font_size_phone=&#8221;36px&#8221; title_font_size_last_edited=&#8221;on|phone&#8221; global_colors_info=&#8221;{}&#8221;][/et_pb_heading][/et_pb_column][/et_pb_row][et_pb_row _builder_version=&#8221;4.27.4&#8243; _module_preset=&#8221;default&#8221; width=&#8221;100%&#8221; max_width_tablet=&#8221;90%&#8221; max_width_phone=&#8221;85%&#8221; max_width_last_edited=&#8221;on|phone&#8221; custom_margin=&#8221;-29px|auto||auto||&#8221; global_colors_info=&#8221;{}&#8221;][et_pb_column type=&#8221;4_4&#8243; _builder_version=&#8221;4.27.4&#8243; _module_preset=&#8221;default&#8221; global_colors_info=&#8221;{}&#8221;][et_pb_text _builder_version=&#8221;4.27.4&#8243; _module_preset=&#8221;default&#8221; global_colors_info=&#8221;{}&#8221;]</p>
<p>Every summer, Musicfest programmes world-class musicians from Wales and around the world, including Sir Bryn Terfel, Llŷr Williams, Catrin Finch, ensembles like the Royal Philarmonic Orchestra, Welsh National Opera Orchestra, Sinfonia Cymru, the Solem Quartet and Pocket Sinfonia, jazz and folk artists like Tomos Williams, the Art Deco Trio and Owen Shiers (Cynefin). We perform all kinds of music, from world premieres to classical favourites. We also give a platform to Aberystwyth’s wonderful community orchestra, Aberystwyth Philomusica, our distinguished tutors, and emerging young musicians, as well as a variety of local groups through Musicfest Xtra.</p>
<p>[/et_pb_text][/et_pb_column][/et_pb_row][et_pb_row _builder_version=&#8221;4.27.4&#8243; _module_preset=&#8221;default&#8221; width=&#8221;100%&#8221; max_width_tablet=&#8221;90%&#8221; max_width_phone=&#8221;85%&#8221; max_width_last_edited=&#8221;on|phone&#8221; custom_margin=&#8221;-29px|auto||auto||&#8221; global_colors_info=&#8221;{}&#8221;][et_pb_column type=&#8221;4_4&#8243; _builder_version=&#8221;4.27.4&#8243; _module_preset=&#8221;default&#8221; global_colors_info=&#8221;{}&#8221;][et_pb_heading title=&#8221;Meet the Team&#8221; _builder_version=&#8221;4.27.4&#8243; _module_preset=&#8221;default&#8221; title_level=&#8221;h2&#8243; title_font=&#8221;||||||||&#8221; title_text_color=&#8221;#222B52&#8243; title_font_size=&#8221;40px&#8221; title_font_size_tablet=&#8221;36px&#8221; title_font_size_phone=&#8221;36px&#8221; title_font_size_last_edited=&#8221;on|phone&#8221; global_colors_info=&#8221;{%22gcid-ad629ad7-29bc-4d34-a428-476c380868ee%22:%91%22title_text_color%22%93}&#8221;][/et_pb_heading][/et_pb_column][/et_pb_row][et_pb_row column_structure=&#8221;1_2,1_2&#8243; _builder_version=&#8221;4.27.6&#8243; _module_preset=&#8221;default&#8221; width=&#8221;100%&#8221; max_width_tablet=&#8221;90%&#8221; max_width_phone=&#8221;85%&#8221; max_width_last_edited=&#8221;on|phone&#8221; custom_margin=&#8221;0px|auto|0px|auto|false|false&#8221; custom_padding=&#8221;||0px||false|false&#8221; global_colors_info=&#8221;{}&#8221;][et_pb_column type=&#8221;1_2&#8243; _builder_version=&#8221;4.27.4&#8243; _module_preset=&#8221;default&#8221; global_colors_info=&#8221;{}&#8221;][et_pb_blurb title=&#8221;Iwan Teifion Davies&#8221; image=&#8221;https://musicfestaberystwyth.org/wp-content/uploads/2026/01/Iwan.jpg&#8221; _builder_version=&#8221;4.27.4&#8243; _module_preset=&#8221;default&#8221; header_level=&#8221;h3&#8243; header_font=&#8221;||||||||&#8221; header_text_color=&#8221;#222B52&#8243; header_font_size=&#8221;30px&#8221; text_orientation=&#8221;center&#8221; header_font_size_tablet=&#8221;30px&#8221; header_font_size_phone=&#8221;24px&#8221; header_font_size_last_edited=&#8221;on|phone&#8221; border_radii_image=&#8221;on|25px|25px|25px|25px&#8221; global_colors_info=&#8221;{}&#8221;]</p>
<h3><span style="color: #0aafc9;">Artistic Director</span></h3>
<p></p>
<p>Welsh conductor Iwan Davies is Artistic Director of Aberystwyth Musicfest. At the Salzburger Landestheater from 2017-20 he conducted repertoire ranging from Rossini to Philip Glass. He has conducted numerous operas for the Buxton International Festival, where he is Head of Music, as well as for English Touring Opera, Music Theatre Wales, and with the Welsh National Opera orchestra. A champion of Welsh music, he has commissioned and conducted numerous world premieres, including Gareth Glyn’s opera film for Channel 4 and S4/C, <em>Fires of the Moon</em>, premiered at the Edinburgh International Film Festival. He trained at the Guildhall and the National Opera Studio.</p>
<p></p>
<p>&nbsp;</p>
<p>[/et_pb_blurb][/et_pb_column][et_pb_column type=&#8221;1_2&#8243; _builder_version=&#8221;4.27.4&#8243; _module_preset=&#8221;default&#8221; global_colors_info=&#8221;{}&#8221;][et_pb_blurb title=&#8221;Joan Rowlands&#8221; image=&#8221;https://musicfestaberystwyth.org/wp-content/uploads/2026/03/joan-5-cropped.jpg&#8221; _builder_version=&#8221;4.27.6&#8243; _module_preset=&#8221;default&#8221; header_level=&#8221;h3&#8243; header_font=&#8221;||||||||&#8221; header_text_color=&#8221;#222B52&#8243; header_font_size=&#8221;30px&#8221; text_orientation=&#8221;center&#8221; custom_margin=&#8221;||497px|||&#8221; custom_padding=&#8221;|8px|563px|||&#8221; hover_enabled=&#8221;0&#8243; header_font_size_tablet=&#8221;30px&#8221; header_font_size_phone=&#8221;24px&#8221; header_font_size_last_edited=&#8221;on|phone&#8221; border_radii_image=&#8221;on|25px|25px|25px|25px&#8221; global_colors_info=&#8221;{%22gcid-ad629ad7-29bc-4d34-a428-476c380868ee%22:%91%22header_text_color%22%93}&#8221; image_icon_custom_margin=&#8221;||||true&#8221; min_height=&#8221;1000px&#8221; height=&#8221;1000px&#8221; sticky_enabled=&#8221;0&#8243;]</p>
<h2>Rheolwr yr Ŵyl</h2>
<p></p>
<p>Rydw i wedi bod ynghlwm wrth Musicfest am nifer o flynyddoedd. Mae rôl Rheolwr yr Ŵyl yn un diddorol iawn, gan ymwneud â threfnu pob elfen o’r ŵyl a&#8217;r ysgol haf. Mae agweddau o fy ngwaith cynharach wedi bod yn ddefnyddiol, yn gyntaf fy mhrofiad gyda’r Refeniw Mewnol yn ymwneud â chyfrifon ac yn ail fy ngyrfa ddiweddarach fel darlithydd ym Mhrifysgol Aberystwyth, yn dysgu clasuron. Mae&#8217;r swyddi hyn wedi rhoi sgiliau trefnu a sgiliau pobl i mi, y cyntaf yn ymwneud â gweithdrefnau ariannol, yr ail gyda myfyrwyr, adnoddau dynol, addysgu. Mae fy niddordeb mewn cerddoriaeth wedi cael ei adfywio gan addysg gerddoriaeth fy merch, a fynychodd ysgol haf Musicfest.</p>
<p></p>
<div class="row"> </div>
<p>[/et_pb_blurb][/et_pb_column][/et_pb_row][et_pb_row _builder_version=&#8221;4.27.4&#8243; _module_preset=&#8221;default&#8221; width=&#8221;100%&#8221; max_width_tablet=&#8221;90%&#8221; max_width_phone=&#8221;85%&#8221; max_width_last_edited=&#8221;on|phone&#8221; custom_margin=&#8221;-29px|auto||auto||&#8221; global_colors_info=&#8221;{}&#8221;][et_pb_column type=&#8221;4_4&#8243; _builder_version=&#8221;4.27.4&#8243; _module_preset=&#8221;default&#8221; global_colors_info=&#8221;{}&#8221;][et_pb_heading title=&#8221;Aberystwyth: Home of Musicfest&#8221; _builder_version=&#8221;4.27.4&#8243; _module_preset=&#8221;default&#8221; title_level=&#8221;h2&#8243; title_font=&#8221;||||||||&#8221; title_text_color=&#8221;#222B52&#8243; title_font_size=&#8221;40px&#8221; custom_margin=&#8221;||15px|||&#8221; title_font_size_tablet=&#8221;36px&#8221; title_font_size_phone=&#8221;36px&#8221; title_font_size_last_edited=&#8221;on|phone&#8221; global_colors_info=&#8221;{%22gcid-ad629ad7-29bc-4d34-a428-476c380868ee%22:%91%22title_text_color%22%93}&#8221;][/et_pb_heading][et_pb_text _builder_version=&#8221;4.27.4&#8243; _module_preset=&#8221;default&#8221; global_colors_info=&#8221;{}&#8221;]</p>
<p>Aberystwyth is a vibrant cultural centre on the coast of West Wales, home to Aberystwyth University and the National Library of Wales. Aberystwyth Arts Centre is central to our activities, and the majority of Musicfest concerts take place there. We also perform in local churches, the Ceredigion Museum, Theatr Arad Goch, and more informal venues in the town. The stunning backdrop of Cardigan Bay makes Aberystwyth the perfect place to spend your summer.</p>
<p>[/et_pb_text][/et_pb_column][/et_pb_row][/et_pb_section]</p>

<p>Every summer, Musicfest programmes world-class musicians from Wales and around the world, including Sir Bryn Terfel, Llŷr Williams, Catrin Finch, ensembles like the Royal Philarmonic Orchestra, Welsh National Opera Orchestra, Sinfonia Cymru, the Solem Quartet and Pocket Sinfonia, jazz and folk artists like Tomos Williams, the Art Deco Trio and Owen Shiers (Cynefin). We perform [&hellip;]</p>
